In base 8, what is 20 - -6?
26
In base 12, what is 3b00 + -3?
3ab9
In base 9, what is 4 - -817?
822
In base 16, what is 2 - 38a?
-388
In base 8, what is -121 + -4?
-125
In base 16, what is 3 + -3?
0
In base 3, what is 221 - 201?
20
In base 6, what is 3 + -254?
-251
In base 3, what is 10 - 100002?
-22222
In base 9, what is 0 + -753?
-753
In base 3, what is 2 + 11100?
11102
In base 2, what is 1 + 111111?
1000000
In base 5, what is -30144 - -4?
-30140
In base 11, what is 183 - -a?
192
In base 7, what is 63 + -210?
-114
In base 14, what is -2 - -19?
17
In base 9, what is 41 + 5?
46
In base 4, what is -13011 - 13?
-13030
In base 16, what is f - -156?
165
In base 15, what is 4 + 7c?
81
In base 2, what is -11100001 - -1101?
-11010100
In base 4, what is -33 - 31?
-130
In base 5, what is 221 - 322?
-101
In base 15, what is -3 - a?
-d
In base 15, what is 12 - -3?
15
In base 2, what is 100001100011 - 100?
100001011111
In base 7, what is 32604 + 3?
32610
In base 16, what is -52 + 5?
-4d
In base 4, what is 333313 + 0?
333313
In base 12, what is -2792 - -2?
-2790
In base 2, what is 101111000011 + 1?
101111000100
In base 3, what is 1112111 + -11?
1112100
In base 14, what is -17a + 5?
-175
In base 15, what is -1 + 38?
37
In base 15, what is -5 - 32?
-37
In base 15, what is 2 + 2d?
30
In base 4, what is 223 + -33?
130
In base 12, what is -13 - 46?
-59
In base 3, what is 212 - -10?
222
In base 5, what is 10 + -113?
-103
In base 10, what is 45 - 7?
38
In base 11, what is 144 - -17?
160
In base 2, what is 1000100110 + 1?
1000100111
In base 4, what is -1 + 112?
111
In base 4, what is 100 + 11?
111
In base 14, what is 2 + 336?
338
In base 3, what is -2001 - 2120?
-11121
In base 13, what is 4 + 18?
1c
In base 10, what is 890 + -4?
886
In base 9, what is -30 - -2?
-27
In base 6, what is -1331 + -4?
-1335
In base 15, what is -305 + d?
-2e7
In base 16, what is -1057 + 4?
-1053
In base 4, what is 11223200 - 11?
11223123
In base 10, what is 35 - -129?
164
In base 2, what is 1000 - 111100100?
-111011100
In base 2, what is 1000101010 - 1?
1000101001
In base 12, what is 4 + 21?
25
In base 11, what is 441 + 0?
441
In base 9, what is 0 - -122?
122
In base 12, what is -554 - 2?
-556
In base 15, what is 137 - -2?
139
In base 7, what is 0 + 113?
113
In base 4, what is -101 + 213130?
213023
In base 4, what is -133 - 12?
-211
In base 9, what is 167 - 20?
147
In base 16, what is -148 - -1e?
-12a
In base 2, what is 1011111 - 0?
1011111
In base 3, what is -11000 - 22?
-11022
In base 6, what is -2 + 450?
444
In base 10, what is 19 - 7?
12
In base 10, what is -60 + 0?
-60
In base 13, what is 6 + 2cc?
305
In base 7, what is 23 - 1165?
-1142
In base 16, what is 145 + -2?
143
In base 11, what is -1 - -305?
304
In base 2, what is 100 + 11111?
100011
In base 9, what is -17 + 16?
-1
In base 13, what is 3 + -1b?
-18
In base 9, what is -57741 + -2?
-57743
In base 16, what is 6f - -5?
74
In base 13, what is 146 + -2?
144
In base 2, what is -101 + 10010100?
10001111
In base 5, what is 13404 - 22?
13332
In base 6, what is -320 - -20?
-300
In base 2, what is -110000 - 100?
-110100
In base 6, what is -13 - -1050?
1033
In base 12, what is 5 - -11bb?
1204
In base 12, what is -7 + 22b?
224
In base 9, what is 24 - -162?
186
In base 5, what is 311 - -100?
411
In base 3, what is 10001 + -2?
2222
In base 8, what is 1244 + 5?
1251
In base 12, what is -716 + -5?
-71b
In base 4, what is -3 + -3123?
-3132
In base 15, what is 100 + 6?
106
In base 4, what is 31 + 13122?
13213
In base 9, what is 3 + -418?
-415
In base 7, what is -4 + -430?
-434
In base 7, what is 256 + -140?
116
In base 5, what is 3 + -13?
-10
In base 9, what is -3303 + -4?
-3307
In base 14, what is 1c - -24?
42
In base 12, what is 79 - -6?
83
In base 14, what is -20b + -b?
-218
In base 5, what is 130 + -4?
121
In base 11, what is 2 + 367?
369
In base 7, what is 50 - -10?
60
In base 14, what is -4 + -4?
-8
In base 3, what is 12 - -211202?
211221
In base 11, what is 5 - -215?
21a
In base 14, what is 4 + -307?
-303
In base 15, what is -5 - c2?
-c7
In base 3, what is -201022 + -20?
-201112
In base 4, what is -20 + -3?
-23
In base 4, what is -1113123 + 3?
-1113120
In base 5, what is -10232 - 4?
-10241
In base 13, what is 163 - -1?
164
In base 8, what is -377 + -10?
-407
In base 6, what is -3 + 35?
32
In base 2, what is -1000011101 + 11?
-1000011010
In base 15, what is 6d - -c?
7a
In base 9, what is -40 - -88?
48
In base 13, what is -62 + -b?
-70
In base 10, what is -9 - -28?
19
In base 4, what is 3203 + 1?
3210
In base 6, what is -1241 - -3?
-1234
In base 8, what is 476 + -20?
456
In base 4, what is -121 + 0?
-121
In base 8, what is -1 - -233?
232
In base 2, what is -101111001 - -1?
-101111000
In base 7, what is 2 + 32?
34
In base 3, what is 2 - 2120?
-2111
In base 7, what is 2 + -3?
-1
In base 10, what is 129 - -6?
135
In base 11, what is -247 - 2?
-249
In base 16, what is 1 + -3?
-2
In base 16, what is 15 + -208?
-1f3
In base 6, what is -3 - -3201?
3154
In base 6, what is -254 + 5?
-245
In base 10, what is -5 + 1?
-4
In base 9, what is 4 - 114?
-110
In base 16, what is 0 + -3c6?
-3c6
In base 14, what is 337 + -1?
336
In base 13, what is -2 + 125?
123
In base 11, what is 1 - 27?
-26
In base 4, what is -3 + -332013?
-332022
In base 12, what is 74 + 4?
78
In base 5, what is -3 - -43?
40
In base 3, what is -1 + 1001102?
1001101
In base 6, what is -1554 - 4?
-2002
In base 2, what is -10011101111000 + 11?
-10011101110101
In base 2, what is -1 - 1011?
-1100
In base 2, what is -100 + -1010010?
-1010110
In base 11, what is 1 + -37?
-36
In base 8, what is 14 - -176?
212
In base 7, what is 4 - 1443?
-1436
In base 11, what is 1 + -5a9?
-5a8
In base 16, what is -1066 - 1?
-1067
In base 15, what is -135 + 1?
-134
In base 7, what is -4 - -563?
556
In base 3, what is -122 + -1122?
-2021
In base 15, what is -3 - -38?
35
In base 14, what is a + bb?
c7
In base 9, what is -17 + -100?
-117
In base 11, what is 18 + -195?
-178
In base 15, what is -666 - 0?
-666
In base 12, what is 331 + 2?
333
In base 3, what is -10 + 121?
111
In base 4, what is -3 + -3010?
-3013
In base 7, what is -4 - 10024?
-10031
In base 9, what is -4 + 113?
108
In base 16, what is -68 - 2?
-6a
In base 4, what is -211310 - 10?
-211320
In base 11, what is 1aa + -1?
1a9
In base 2, what is 1110010001 - -1?
1110010010
In base 14, what is 1 + -197?
-196
In base 16, what is 5 + -17?
-12
In base 4, what is -331 + 1?
-330
In base 5, what is 440 + 230?
1220
In base 12, what is 448 + -1?
447
In base 12, what is a0 + -2?
9a
In base 3, what is 1102 - 212?
120
In base 6, what is 22 - 4?
14
In base 9, what is 54 + 110?
164
In base 14, what is 119 + -2?
117
In base 14, what is -3 + -c09?
-c0c
In base 6, what is 110 + 1?
111
In base 12, what is -3 - 1a?
-21
In base 2, what is -111110101 - 0?
-111110101
In base 13, what is 34a - -4?
351
In base 12, what is -93b9 + -2?
-93bb
In base 6, what is -12 - -3033?
3021
In base 14, what is -640 + 5?
-639
In base 8, what is 27 - 727?
-700
In base 8, what is -125 + -1?
-126
In base 13, what is -16 + -20?
-36
In base 16, what is 6 - 1bd?
-1b7
In base 7, what is 6 - 30?
-21
In base 16, what is 1 - 19?
-18
In base 14, what is -1646a + 2?
-16468
In base 14, what is -4 + 7dd?
7d9
In base 3, what is -12202201 - 1?
-12202202
In base 4, what is 1023 + 2?
1031
In base 12, what is 1 - 41?
-40
In base 9, what is -12 + 1677?
1665
In base 3, what is 2 + 112201?
112210
In base 14, what is -3 + 15?
12
In base 12, what is -255 - 27?
-280
In base 13, what is 369 + -1?
368
In base 5, what is -311 - 10?
-321
In base 13, what is 0 - -339?
339
In base 2, what is 111011 + 11?
111110
In base 4, what is 101113 + 20?
101133
In base 4, what is -11 + -312200?
-312211
In base 4, what is -2101123 + -11?
-2101200
In base 6, what is 0 - 2010?
-2010
In base 13, what is 5 + -3ab?
-3a6
In base 3, what is -1112 + 10200?
2011
In base 16, what is 282c + 1?
282d
In base 14, what is -5 - -11?
a
In base 6, what is 12523 + -3?
12520
In base 12, what is -17 + 7?
-10
In base 5, what is 4101 + -10?
4041
In base 7, what is -135416 + -4?
-135423
In base 2, what is -10 - 100000?
-100010
In base 14, what is 6 - c0?
-b8
In base 10, what is -334 + -2?
-336
In base 4, what is 0 - 102?
-102
In base 3, what is -201 + 21?
-11